 of (-2)/o - (-588)/30?
2
What is the tens digit of (4 + (-6)/(-2))*7?
4
Let p be (4/(-6))/((-1)/(-3)). Let x be (1 - 19)/(p + 1). What is the units digit of x/10*(0 + 5)?
9
Let c be (-2)/(4/18*3). Let k = c + 6. Suppose k*j + 0*j = 18. What is the units digit of j?
6
Suppose 20 = -2*i + 4*i. Let k(b) = -b**3 - 2*b**2 + b. Let m be k(-3). Suppose -m*w + w = -i. What is the units digit of w?
2
Suppose -5*n - 3*x - 10 = -151, -2*n - 4*x + 62 = 0. What is the units digit of n?
7
Suppose -2*n - 81 = -3*u + n, 0 = 3*n + 9. What is the units digit of u?
4
Let q(a) = 1 + 3 + 13*a**2 - 4 - a + 1. What is the tens digit of q(1)?
1
Let h = 91 + -54. What is the units digit of h?
7
Suppose 0 = 4*q - 134 - 90. What is the tens digit of q?
5
Let k = 9 + -4. Suppose -k*t - 3*f + 2*f + 67 = 0, -t = -f - 11. Suppose 5*g - 3*g - 4*h = 32, -3*g - h = -t. What is the units digit of g?
6
Suppose 4*z - 4 = 4*u + 8, -3*u = 4*z + 2. What is the units digit of z?
1
Suppose 0 = 3*n - 6, 5*n = c + 26 - 71. Let m be (-1 + 0)/((-10)/40). Suppose 0 = u + m*u - c. What is the units digit of u?
1
Let m(n) = -3*n. Let f be m(2). Let z(g) be the second derivative of -g**3/3 - g**2 + 2*g. What is the tens digit of z(f)?
1
Let v(d) = d**2 + 7*d + 7. What is the units digit of v(-7)?
7
Let i(g) = g**3 + 3*g**2 - 5*g - 4. Let w be 1/((-7)/3 + 2). What is the units digit of i(w)?
1
What is the units digit of 43/5 - (-4)/10?
9
Suppose g + 0*g = -4*s + 27, -27 = -2*s - 5*g. Let h(c) = c. Let j be h(s). What is the tens digit of j/3 + 9/1?
1
Let m(y) = y**2 + 10*y + 10. Let k be 6/9 + (-145)/15. What is the units digit of m(k)?
1
Let g = 1 + 3. Let x(s) = -s**3 - 4*s**2 + 4*s + 7. Let q be x(-5). Suppose -q + g = -2*z. What is the units digit of z?
4
Suppose 1692 = -3*f + 12*f. What is the units digit of f?
8
Suppose 2*p - 14 = 4*l, 4*p = -2*l - 3*l + 2. What is the units digit of 38 - p - 2*1?
3
Let h(t) = 14*t**2 + 3*t + 23. What is the tens digit of h(-4)?
3
Suppose 0 = 5*j - 740 + 80. What is the tens digit of j?
3
Suppose 419 - 109 = 5*w. What is the tens digit of w?
6
Let c(h) = h**3 - 5*h**2 + 5*h. Let y be c(4). Let a be 2*-2*(-2)/y. Suppose z = -a*z + 45. What is the tens digit of z?
1
Let f(g) = 14*g - 2*g**2 - 4 + 10 + 6 + g**2. What is the units digit of f(14)?
2
Let y(q) = -5*q - 4. Let u(z) = z. Let v(w) = -4*u(w) - y(w). Let s be v(7). Suppose 2*a - s - 5 = 0. What is the units digit of a?
8
Suppose l - v - 60 = -l, -2*v = -4. What is the units digit of l?
1
What is the units digit of 3*-2*3/(-2)?
9
Suppose -a + 86 - 369 = -2*t, 0 = 2*t + 4*a - 268. What is the units digit of t?
0
Let s = 34 - -111. What is the tens digit of s?
4
Suppose -4*l = o - 4*o - 26, 0 = -2*l + 3*o + 16. Suppose -2*y + h + 4 = 5, 0 = -5*y + 5*h + 5. Let b = y + l. What is the units digit of b?
3
Let t(v) = 16*v**2 - 2*v + 3. Let r be t(2). Let d = r + -33. What is the tens digit of d?
3
Let w be 4/6*27/6. Let r = 6 - w. Let p(i) = -i**3 + 3*i**2 - i + 4. What is the units digit of p(r)?
1
Let z(c) be the third derivative of c**6/24 + c**5/60 - c**4/24 - c**3/3 + c**2. Let s be z(-2). What is the units digit of (2 + s/15)*-15?
6
Suppose 2 = 4*h - 6. Suppose -h*b + i = -35, -2*b + 4*i = -b - 7. What is the units digit of b?
9
Let v(c) = -c**2 + 10*c - 3. Let h be v(8). Let b = -5 + h. What is the units digit of b?
8
Let t = 51 - -75. Suppose 0 = 4*j - j - t. What is the units digit of j?
2
Suppose 21 = 2*d + 5*q, 5*d - 10 = -q - 3*q. Let a = 10 + d. What is the units digit of a?
8
Suppose 2*g + 169 = -5*p, 5*g + 5*p + 415 = -0*g. Let x = -47 - g. What is the tens digit of x?
3
Let s = -36 + 294. What is the tens digit of s?
5
Let j(w) = -2*w**3 - 2*w**2 + w - 2. What is the tens digit of j(-3)?
3
Let x be (1 + -2)*(-4 + 0). Let b(y) = y**2 - 3*y + 9. What is the units digit of b(x)?
3
Let h(v) = v**3 + 4*v**2 - 4*v + 3. Let y be h(-4). Suppose -j + f - 1 + 3 = 0, 4*f = -5*j + y. Suppose m = -2*m + j. What is the units digit of m?
1
Suppose -11*f = -7*f - 624. What is the units digit of f?
6
Suppose 0 = -5*m + 66 + 44. What is the tens digit of m?
2
What is the units digit of 49/3*27/9?
9
What is the hundreds digit of (1/3 - 1) + 9482/66?
1
Let j be (0 - -1*57)*1. Suppose -5*h = 3*t - 80, 3*t - 3*h - 15 - j = 0. What is the units digit of t?
5
Let j be 16/(-7) + (-12)/(-42). Let b = j - -2. Suppose 2*x + 19 = 3*s, -3*s + b*s - x + 31 = 0. What is the units digit of s?
9
Let o(g) = -8*g + 4. Let k be o(4). Let a = -18 - k. Suppose 4 = -2*s - 4*l, 2*s - 6*l - a = -3*l. What is the units digit of s?
2
Suppose -20 = -f - 4. What is the units digit of f?
6
Suppose -2135 = 9*g - 16*g. What is the tens digit of g?
0
Suppose 2*h = 3*h - 149. What is the tens digit of h?
4
Suppose 0 = -r + 17 + 41. What is the units digit of r?
8
Let q be 14/5 - (-1)/5. Suppose 4*u - q = 53. Suppose -5*n + 1 + u = 0. What is the units digit of n?
3
Suppose 0*x = 5*x - 550. What is the tens digit of x?
1
Suppose 0 = 5*m - b - 1236, 4*m - 1008 = -0*b - 4*b. What is the hundreds digit of m?
2
Let s(l) = l**2 + l**2 + 19*l**3 - l**2 + 29*l**3. Let j be s(1). What is the units digit of 68/7 - (-14)/j?
0
Let s = 20 - 11. What is the tens digit of (-9)/(s/3) - -46?
4
Let h(l) = 43*l - 10. What is the hundreds digit of h(3)?
1
Let g be (-1)/(-4) - 36/16. Let y = 2 + g. Suppose y = 6*z - 2*z - 4. What is the units digit of z?
1
Let t(x) = x**3 + 6*x**2 + 5*x + 4. Let m be t(-5). Suppose 5*r = -m*k - 13, -4*r + 2 - 25 = -k. Suppose u = k + 5. What is the units digit of u?
8
Let u = 5 - 2. Let g = -3 + u. What is the units digit of 1 + g/(5 + -2)?
1
Let h(r) = r + 5. Let t be h(-5). Suppose t = -j - g + 16, 3*j - 2*g + 11 = 34. What is the tens digit of j?
1
Suppose 2*a = -3*z + 442, 5*a - 5*z = -9*z + 1112. What is the hundreds digit of a?
2
Suppose 2*x - c = 4*c + 157, 0 = -5*x - c + 325. What is the units digit of x?
6
Suppose t = -3, 0*t = -2*p + 2*t + 2. Let l = p - -7. What is the units digit of l?
5
Suppose -5*g - 437 - 813 = -5*l, -2*l - 2*g + 496 = 0. What is the units digit of l?
9
What is the units digit of 2 + 0 + 0 + 23?
5
Suppose -8*r + 4*r - 3*d = -278, 2*d - 351 = -5*r. What is the tens digit of r?
7
Let u(q) = 7*q + 20*q**2 - q**3 + 3*q**2 - 30*q**2 + 4. Suppose 3*m - 12 = 3*i, 0*i - m = -5*i - 36. What is the units digit of u(i)?
2
Let u(i) = -i - 3. Let s be u(-5). Suppose 0 = -o + a + 31, s*o = 4*a + 20 + 34. What is the units digit of o?
5
Let q(g) = 3*g - 5 - 4*g + 4. Let p be q(-4). Suppose -p*j - 1 = -4. What is the units digit of j?
1
What is the units digit of -10*(9/(-9) - (-34)/(-4))?
5
Let c = -1 + 3. Let b be c*((-6)/(-2) - 2). What is the units digit of ((-2)/(-4))/(1/b)?
1
Let p(s) = -2*s**3 - s**2 - s. Let a be p(-1). Suppose -4*x + 2*n + 4 = -0*x, 3*x + 3 = 3*n. Suppose 7 + a = x*v. What is the units digit of v?
3
Let j(k) = -k**3 + 9*k**2 + 9*k + 12. Let z be j(10). Let o(l) = 5*l - 2. What is the units digit of o(z)?
8
Let j(w) = -16*w**3 - w**2 + 2*w + 4. What is the tens digit of j(-2)?
2
Suppose -2 = -c - 4. Let h = 2 + c. Suppose h = -5*z + 2 + 3. What is the units digit of z?
1
Let q = -12 - -3. Let u = q + 1. Let f(b) = -b - 4. What is the units digit of f(u)?
4
Let y(w) be the first derivative of -w**4/4 - 4*w**3/3 + 5*w**2/2 + 4*w + 3. Let c be y(-5). Suppose c - 22 = -2*b. What is the units digit of b?
9
Let c be ((-27)/(-6))/(6/8). Let a(v) = -6*v**2 + 5*v - 11. Let f(p) = 5*p**2 - 4*p + 10. Let n(u) = c*a(u) + 7*f(u). What is the units digit of n(3)?
1
Let z = -107 - -55. Let j be 4/18 + z/(-9). Let a = 14 - j. What is the units digit of a?
8
Let t be -1 - -1 - (-2 + -6). Let i be (-4 - 6)/((-2)/3). What is the units digit of t/3 + (-10)/i?
2
Suppose 0 = 9*j - 4*j. What is the units digit of (6 - j)/((-12)/(-8))?
4
What is the tens digit of 13/((4 - 8)/(-12))?
3
Suppose 0 = -5*i + 2*g - 102, -6*i - 72 = -2*i - 4*g. Suppose 3*p - p + 27 = 3*a, -5*p + 3*a = 45. What is the units digit of (-26)/i - p/(-33)?
1
Let o = 13 - 11. Suppose -14 = -k + v, 0*v - o*v = k - 29. What is the tens digit of k?
1
Let u(w) = 3*w - 1. Let v be u(-3). What is the units digit of (7 - 0) + 40/v?
3
Suppose -5*y + 10 = -5*j, 8*y - 4*y - 35 = -5*j. Let l = j + -7. What is the units digit of 4 + l + (2 - 1)?
1